 Let g be (-15)/(-2) - 3 - y/8. Let z(w) = w**2 + 2*w + 4 + 2*w - 2*w**2. What is z(g)?
4
Let d(y) = 2*y + 8. Suppose -15 = -t - 2. Suppose -1 + t = 2*k. Suppose 4*l - 12 = k*l. Give d(l).
-4
Let c(r) be the third derivative of r**4/8 + 13*r**3/6 + 111*r**2. What is c(-6)?
-5
Let a = 138 + -139. Let y(k) be the second derivative of -17*k**4/12 - k**2/2 - 15*k. What is y(a)?
-18
Let y = 162 - 159. Suppose 3*k - k + 2*n = 12, 30 = 5*k + n. Let c(p) = 1 + 3*p**2 - 3*p**2 - k*p**3 + p**y + 2*p**2 - 2*p. What is c(1)?
-4
Let r(t) = -2*t + 6. Let d(n) = n**2 + 2*n - 1. Let l(o) = d(o) - r(o). Calculate l(-5).
-2
Let g(s) = -2*s - 10. Let r be (5 + 0)/((-35)/42). Give g(r).
2
Let f(d) = -d**2 + 4*d + 26. Let z be 120/10*(-4)/(-6). Let q be f(z). Let r(w) = -w - 1. Calculate r(q).
5
Let a(k) = k**2 - k - 4. Let j(v) = v. Let i(y) = -a(y) - j(y). Let b(r) = 5*r**3 - 35*r**2 - 2*r + 10. Let h be b(7). Calculate i(h).
-12
Let v(y) be the third derivative of y**4/3 - y**3/3 - 48*y**2. Let u(b) = 15*b - 3. Let q(h) = 3*u(h) - 5*v(h). Calculate q(-3).
-14
Let j(f) be the third derivative of f**5/60 + 7*f**4/24 - 5*f**3/3 - 2*f**2. Let u be 6*(-4)/(-18)*-1*6. Determine j(u).
-2
Let j = 60 + -60. Let i(u) = -u**2 - u + 5. Determine i(j).
5
Let l = 1488 - 1493. Let p(z) = -8*z - 31. Give p(l).
9
Let z(m) = 11*m - 24. Let g(k) = -14*k + 24. Let t(y) = -3*g(y) - 4*z(y). Calculate t(12).
0
Let i(j) = 2*j - 14. Let g = -34 - -38. What is i(g)?
-6
Let y(x) = 2*x**2 - 8 + 2 - 8*x + 10. Determine y(6).
28
Let f(z) = -2*z - 1. Suppose 15 = l + 13. Suppose 0 = -4*k + 5*a - 37, l*a = -0*a + 10. Determine f(k).
5
Let o(v) = -v**3 - 9*v**2 + 9*v. Let l(p) = 3*p**3 + 19*p**2 - 17*p - 2. Let h(d) = -2*l(d) - 5*o(d). What is h(4)?
8
Let m(g) be the third derivative of -3*g**2 - 3/20*g**5 + 0*g + 0*g**4 - 1/120*g**6 + 3/2*g**3 + 0. Give m(-9).
9
Let q(l) = l**2 + 45225*l + 0*l**2 - 45198*l. Give q(-27).
0
Let b(i) = -11*i**2 + 22*i + 11. Let m(n) = 7*n**2 - 14*n - 7. Let v(l) = 5*b(l) + 8*m(l). Calculate v(-1).
2
Suppose -2*b = -1 - 1. Let i(d) = b + 6 - d - 4. Calculate i(0).
3
Suppose 44*l - l = -86. Let g(n) = -n**3 - n**2 + 1. Give g(l).
5
Let p(c) = -3 + 2*c - 70*c**2 + 140*c**2 - 72*c**2. What is p(2)?
-7
Let z(g) = -2*g**2 + 2*g. Let q(h) = -h**2 - 4*h + 1. Let c(k) = q(k) + 2*z(k). Calculate c(1).
-4
Suppose -19 = -4*s + 5*v, -2*v - 5 = -7*v. Let w(l) = 4*l - 4. Calculate w(s).
20
Let t = -121 - -128. Let c(w) = w - 3. Give c(t).
4
Suppose 289 + 160 = 5*m - t, -3*m + 4*t = -266. Suppose 19*b = 10*b + m. Let l(p) = -p + 5. What is l(b)?
-5
Let s(x) = -x**2 + x - 3. Suppose -31*b + 92*b = 122. Calculate s(b).
-5
Let u(g) = 7*g + 29731 + g**2 - 2*g**2 - 29729. Give u(0).
2
Let i = -10 - -13. Let l(a) = a - i*a**2 + 83 - 83. What is l(1)?
-2
Let n(z) = z + 1. Let u be n(3). Let j(s) = -s - 4. Let i be j(-4). Suppose i*g = -4*g + 4*p - 8, 8 = -u*g - 2*p. Let y(x) = x - 1. Determine y(g).
-3
Let m = 48 - 44. Let g(r) be the second derivative of r**7/2520 - r**6/240 + r**5/30 - 5*r**4/6 - 9*r. Let i(k) be the third derivative of g(k). Calculate i(m).
8
Let u(b) = 0*b**3 + 2*b**3 - 3*b**3 + 5*b**2 + 3 + 2. Determine u(5).
5
Let x(u) = u**3 + u**2 + 3*u + 2. Suppose -16 = 4*z - 3*r, -4*z - 5 = -r + 3. Let o be 2 - (z + 5 + 0). Let a be (-2)/(o/(-4)*2). What is x(a)?
-8
Let r be (-74)/(-12) - (-7)/(-42). Suppose 2*i = -i + 21. Let d(z) = i - 6*z + z - 3*z + z**2. What is d(r)?
-5
Let z(l) = -l**3 + 17*l**2 + 15*l + 56. Let t be z(18). Let r(p) be the second derivative of 2*p**t + 5/12*p**4 + 0*p**3 + 0 - 4*p - 1/20*p**5. Calculate r(5).
4
Suppose 2*j - 4 = -t, -t - t = 8. Let l(w) = 2*w - 14. Let f be l(j). Let r(v) = v + 7. Determine r(f).
1
Let q(h) = 7*h - 100*h**2 - 96*h**2 - 83*h**2 + 2*h**3 + 292*h**2 + 10. Determine q(-6).
4
Let z(b) = b**2 + b - 1. Suppose -m + 2*m = 4. Suppose -3*q - 10 = -m*d + 2*d, 0 = 3*d - 3*q - 18. Let g be (d/(-12))/((-2)/3). What is z(g)?
1
Let i(g) be the third derivative of -g**6/120 - 13*g**5/30 - g**4 + 10*g**3/3 + 36*g**2 - 4. Determine i(-25).
-5
Let x(z) = -3 + 4*z - 2*z**2 - 6*z + 2 + 3. Determine x(2).
-10
Let m(n) = n**3 + 8*n**2 - 10*n - 8. Suppose -2*f + 13 = -1. Suppose -24 = 3*r - l, -f*r + 42 = -11*r - 2*l. Calculate m(r).
1
Let i(o) = -15*o**3 - 17*o**2 + 2*o - 19. Let v(z) = -7*z**3 - 8*z**2 + z - 9. Let n = -143 - -149. Let q(b) = n*i(b) - 13*v(b). What is q(-3)?
-3
Suppose 0 = 4*o + 5*q - 16, 4*o - 5 = 2*q - 17. Let g(f) be the third derivative of 7*f**6/60 - f**4/24 + 7*f**2. Give g(o).
-13
Let y(j) be the second derivative of -j**3/6 + 2*j. Let f = -11 + 9. Let m(d) = 10*d - 2. Let l(a) = f*m(a) - 22*y(a). Calculate l(4).
12
Let u(n) = n**3 + 3*n**2 - 2*n + 1. Let a be (18/(-30))/(4 + 57/(-15)). Give u(a).
7
Let o(r) = -4*r + 34. Let z be o(8). Let x(d) = -12*d**2 + 2 + 9*d + 28*d**z - 15*d**2 + 0. Calculate x(-8).
-6
Let k = 43 + -85. Let o = k - -47. Let f(a) = a**3 - 4*a**2 - 7*a + 7. What is f(o)?
-3
Let z(r) = r**3 + 6*r**2 + 2*r - 2. Let w be 9*(-16)/(-72) - 8. Calculate z(w).
-14
Suppose 28*u - 27*u = 12. Let j be ((-16)/6)/(-4) - u/(-9). Let s(h) = h**3 - 2*h**2 + 2*h - 1. Determine s(j).
3
Let z = -5 - -11. Let l(n) be the second derivative of -n**4/12 + 7*n**3/6 - 3*n**2/2 - 3*n + 820. Determine l(z).
3
Suppose 5*g = 4*s + 2 + 21, -s = -g + 5. Suppose -2 = -j - 3*d, -g*d - 3 + 7 = -j. Let c(h) = 5*h. Give c(j).
-5
Let g(x) = x**3 + 7*x**2 + 7*x + 8. Suppose 3*j = 4*v + 119, 0 = 6*j - j - 5*v - 195. Let q = j - 43. What is g(q)?
2
Let f = 671 - 670. Let z(i) = 2*i**3 + i**2. Determine z(f).
3
Let k be 4 - (2 + (-5)/1). Suppose 5*o - 15 = -5*q, 2*o - 3*q + 6*q - k = 0. Let v(m) = -m**2 + 2*m - 1. Determine v(o).
-1
Let v(j) = -j**3 - 6*j**2 - 3*j - 6. Suppose -15 - 15 = 6*t. What is v(t)?
-16
Let n(k) = -k**3 + k**2 - k. Let b be 20/130 - 11/(-13). Let i(c) = 4*c**3 - 8*c**2 + 6*c - 1. Let z(x) = b*i(x) + 5*n(x). What is z(-3)?
-4
Suppose 4 = 3*p - 14. Let y be -7 + p - (1 + -5). Let u(w) = -28*w**2 - w**y + 34*w**2 + 0*w**3 + 6 - 7*w. Determine u(5).
-4
Let y(z) = -11*z**2 - z - 7. Let l(t) = 5*t**2 + t + 3. Let m = 7 - 11. Let u(f) = m*y(f) - 9*l(f). Give u(-6).
-5
Let c(h) be the second derivative of -h**4/6 + 4*h**3/3 - h**2/2 + h. Suppose -90*l + 47*l = -47*l + 24. Give c(l).
-25
Let d(s) be the second derivative of s**4/12 + 4*s**3/3 + 7*s**2/2 + 8*s. Let n be d(-7). Let p(v) = -v + n*v + v + v. Determine p(4).
4
Let c(l) = -6. Let r(n) = -3*n + 25. Let x(o) = -2*c(o) - r(o). Calculate x(3).
-4
Suppose 13*u + 89 = 11. Let q(y) = -y**3 - 5*y**2 + 5*y - 7. Give q(u).
-1
Let w(r) = r**3 + 10*r**2 + 2*r + 20. Suppose 4*p + 40 = -f - 0*f, -4*p + 2*f = 40. Determine w(p).
0
Let o(a) = -a**2 + 5*a - 5. Let g be 29 + -2 + 5 + -2 + 3. Suppose g = 4*y + 9. What is o(y)?
-11
Let i = 270 - 270. Let j = 2 + -2. Let p = j - i. Let d(v) = -v**2 + v + 3. Give d(p).
3
Suppose -93 - 63 = 52*v. Let r(t) = 2*t**3 + 6*t**2 - t - 5. Give r(v).
-2
Let d(v) = v**3 - 10*v**2 + v - 3. Let k = -1772 + 1782. Calculate d(k).
7
Let s(l) be the second derivative of -l**3/3 + 13*l**2/2 + 10*l - 1. Give s(-9).
31
Let m(z) be the third derivative of z**7/840 + z**6/360 - z**5/30 - z**4/24 + 26*z**3/3 + 26*z**2. Let j(d) be the first derivative of m(d). Determine j(-3).
-7
Let o be (-3)/(-3)*1 + -3 + 4. Let r(n) = -n**2 - 5*n**o - 2*n**2 - 2*n + 7*n**2. Let s = -8 + 6. What is r(s)?
0
Let z(g) = 12*g**3 - g**2 + 1. Suppose 0 = 2*a - 41 + 185. Suppose -2*r - 22 = -2*d - 8, 3*d - 5*r - 31 = 0. Let o be d/(-9) - (-56)/a. What is z(o)?
-12
Let i(a) = a - 9. Let l(u) = -u**3 + 36*u**2 - 34*u - 41. Let j be l(35). Calculate i(j).
-15
Let g(j) = 10*j**3 - j**2. Let k be (-4*2/(-12))/((-4)/6). Determine g(k).
-11
Let s(g) be the second derivative of 3*g**5/10 - g**3/3 + g**2/2 - 2*g + 60. Calculate s(1).
5
Let y(l) = -5*l - 11. Let a(w) = 11*w + 25. Let p(d) = 2*a(d) + 5*y(d). Suppose 3*b + 2*o - 15 = 0, 0 = -3*b + 3*o + 16 - 1. Give p(b).
-20
Let u(o) = o**3 - o - 1. Suppose -8*j + 13*j = 5*n + 25, -2*j + 10 = -n. Calculate u(n).
-1
Let t(w) = -2*w + 1. Let p be (244/(-366))/((16/42)/4). Determine t(p).
15
Let l = 0 + -1. Let g be (l + -2 + -4)/1. Let m(d) = -d**3 - 8*d**2 - 9*d - 6. Determine m(g).
8
Let m be 1/1*(-5 - 0). Let l(p) = -15*p**3 - 2